127
Let p = 220 + 703. List the prime factors of p.
13, 71
Let y = 12107 + -4948. What are the prime factors of y?
7159
Suppose -2*h + 342 = d + 1341, 3*d + h = -2982. Let j = d + 2371. What are the prime factors of j?
2, 13, 53
Let t be 5*((-14)/25)/((-3)/315). Suppose t*x = 282*x + 11376. List the prime factors of x.
2, 3, 79
Let b(d) be the third derivative of 3*d**5/20 + d**4/4 - 5*d**3/3 + 7*d**2. Let a be b(5). Suppose -11*w + a = -6*w. List the prime factors of w.
7
Let h(c) = 2*c**3 - 8*c**2 + 6*c + 3. Let q be h(6). Let z be -8 + 369/(-3) + 5. Let f = z + q. What are the prime factors of f?
3, 19
Let z be 9/2 + (-40)/16. Suppose -5*f + 9 = -8*f, f = z*w - 2137. List the prime factors of w.
11, 97
Let m be (-5 - -3 - -4)/(4/382). Let z = m - 78. List the prime factors of z.
113
Suppose 12*p + 8*p = -3360. List the prime factors of (-6836)/(-7) - p/(-294).
2, 61
Let z(d) = -d**3 + 36*d**2 + 36*d + 52. Let b be z(37). Suppose -b*g - 108 = -27*g. What are the prime factors of g?
3
Let r(f) = -f + 3*f - 4*f + 26. Let j be r(12). Suppose -j*s = -5*s + 159. List the prime factors of s.
53
Suppose -133*h = 280008 - 1320068. What are the prime factors of h?
2, 5, 17, 23
Suppose -5*v = 2*l - 3124, 2*v - 2 = -6. Let u = -1062 + l. What are the prime factors of u?
5, 101
Suppose -73316 = -38*u + 86360. What are the prime factors of u?
2, 11, 191
Suppose 5*d - 28 + 13 = 0. Let l be (d - 1) + -2 - -2. Suppose 2*o = -3*n + 178, -7*n = 3*o - l*n - 269. List the prime factors of o.
83
Suppose -i + 12*j + 1770 = 13*j, 5*j = -i + 1774. List the prime factors of i.
29, 61
Let x(d) = 365*d**2 - 1105*d - 5554. What are the prime factors of x(-5)?
2, 3, 379
Let q = 16 - -18. Let r(x) = -143*x. Let s(l) = 24*l. Let n(c) = q*s(c) + 6*r(c). What are the prime factors of n(-1)?
2, 3, 7
Suppose 4 = -4*k + 2*k - r, 0 = -k - 4*r - 16. Suppose c + 219 = -3*x - 42, 4*x + c + 349 = k. Let s = x + 135. List the prime factors of s.
47
Suppose -4*s + 2608 = -2*f, -4*s - 20*f = -23*f - 2604. Suppose -6*g + s = -2094. List the prime factors of g.
2, 229
Suppose -32641 - 489 = -17*r + 138740. What are the prime factors of r?
2, 3, 5, 337
Let r(y) be the third derivative of y**5/60 - 5*y**4/3 + 154*y**3/3 - 68*y**2 - 2. List the prime factors of r(56).
2, 7, 43
Suppose -57*n + 4*w = -62*n + 7642, -2*n = -2*w - 3046. What are the prime factors of n?
2, 7, 109
Let b(w) = 509*w - 3308. What are the prime factors of b(44)?
2, 1193
Suppose 118*a = 2*o + 116*a - 106784, 0 = -5*a - 30. What are the prime factors of o?
2, 26693
Let f = -2010 + 3537. List the prime factors of f.
3, 509
Let z = 185 - 182. Let c(q) = 13*q**3 - 5*q**2 + 7*q - 10. What are the prime factors of c(z)?
317
Let y(o) = 13*o**3 + o**2 - 34*o + 190. What are the prime factors of y(10)?
2, 5, 7, 37
Suppose -k = 3*y + 12, -k = k - y + 17. Let m be -10 + (k/3 - -5) + 1. List the prime factors of (9660/(-18))/m + 2/(-3).
2, 19
Let n(p) = 5*p**2 + 24*p**3 - 23*p**3 + 3 - 15*p**2. Let j(k) = 4*k**2 - 3*k + 1. Let z be j(2). What are the prime factors of n(z)?
2, 31
Let l(v) = 4*v**2 - 2*v - 3. Let x be l(2). Suppose b + 4*h + 8 = x*h, -h + 38 = 5*b. Suppose -b*c + 905 + 124 = 0. What are the prime factors of c?
3, 7
Let b(o) = 18*o - 121. Let z be (24/(-20))/(-2*(-15)/(-200)). List the prime factors of b(z).
23
Suppose -4*v - 3*s = -78763, -5*v + 107*s - 104*s + 98474 = 0. List the prime factors of v.
47, 419
Let j(w) = -w**2 + 154*w + 902. List the prime factors of j(101).
3, 5, 139
Suppose 2*f - 12 = -4*b + 52, -b - 3*f = -26. Suppose 24 = b*m - 6*m. Suppose -2*a = -m*i + 3*a + 319, -2*a = -2*i + 214. What are the prime factors of i?
2, 3
Let c = -35 - -45. Suppose 6*h + 836 = c*h. Suppose -5*n = -2*k - h, 5*n = -k + 76 + 142. What are the prime factors of n?
43
Suppose 0 = -4*a + 4, u + 5 = 2*a - 0. Let z(g) = -g**3 - 3*g**2 - 4. Let f be z(-3). List the prime factors of (1 + 1)*(f + (44 - u)).
2, 43
Let h(p) = -4*p. Let v be h(-2). Let q(x) be the first derivative of 6*x**2 - 32*x + 534. List the prime factors of q(v).
2
Let d = -541 - -247. List the prime factors of (-126)/d - (-1705)/7.
2, 61
Suppose -54*g - 37*g = -1074528. List the prime factors of g.
2, 3, 41
Let c(i) = -i**2 - 7*i - 3. Let g be c(-6). Suppose -n - 5*u = -1 + g, n = 4*u + 34. List the prime factors of (-300)/n*15/(-2).
5
Let z(r) = r**2 + 74 - 144 + 760*r**3 + 69. What are the prime factors of z(1)?
2, 5, 19
Suppose v - 55 = -5*p, 2*p - 4*v + 20 = 42. Suppose -7*f = 3*n - p*f - 4171, -3*n = 3*f - 4185. List the prime factors of n.
7, 199
Suppose 3*b - t - 18230 = 0, 15*b + 3*t = -0*t + 91134. What are the prime factors of b?
2, 7, 31
Let w = -1 + 40. Suppose -w*n - 1131 = -42*n. List the prime factors of n.
13, 29
Suppose 2*p - u = 11, p + 4*u - 6 = 5*u. Suppose 2*v - 100 = -3*v. Suppose v + 80 = p*d. What are the prime factors of d?
2, 5
Let x be ((-6)/(-9))/((-8)/(-24)). Suppose -3*y - 3 = 3*q, x*y = -2*y - 5*q - 5. List the prime factors of -23*(y - 1/1).
23
Suppose 16*x - 55 - 9 = 0. Suppose x*g - 5714 = -4*l - 38, l = 4*g - 5661. List the prime factors of g.
2, 3, 59
Suppose -w = 3*x - 19322, 5*x - 16*w - 32211 = -10*w. List the prime factors of x.
3, 19, 113
Let x(t) = -3464*t + 273. List the prime factors of x(-2).
19, 379
Suppose 504 = 34*y - 55*y. List the prime factors of ((-1554)/(-9))/(-5 + (-136)/y).
7, 37
Let u(c) = -2*c**2 + 3 + c - 11*c - 650*c**3 + 649*c**3 - c**2 - 4*c**2. Let n(q) = 2*q + 3. Let j be n(-5). What are the prime factors of u(j)?
73
Let g(x) = 2505*x - 3238. List the prime factors of g(8).
2, 31, 271
Let d be -133*(10/14 + -1). Let g(k) = -2*k**3 + 78*k**2 - 70*k + 46. List the prime factors of g(d).
2, 137
Let b = -8003 - -16515. What are the prime factors of b?
2, 7, 19
Suppose -189*h = -104*h - 462910. What are the prime factors of h?
2, 7, 389
Suppose -11*q = -5*q + 486. Let s = q - -76. What are the prime factors of 256 - 1*(s + 4)?
257
What are the prime factors of (-6)/14*-1 + (-1893870)/(-231)?
3, 911
Let f(w) be the first derivative of -33 + 21/2*w**2 - 7*w. What are the prime factors of f(2)?
5, 7
Let n = -370 + 372. Suppose 3*c - 1452 = -4*g, 5*c + 3*g - 2403 = n*g. What are the prime factors of c?
2, 3, 5
Let j be (-57)/(-7 + (-498)/(-72)). Suppose 2*t = 2*a - j, -7*t - 1031 = -3*a - 3*t. What are the prime factors of a?
337
Suppose -154109 - 200636 = -5*x. What are the prime factors of x?
70949
Let q = -33980 + 37432. What are the prime factors of q?
2, 863
Let j(g) be the third derivative of g**5 + g**4/4 + 4*g**3 - 109*g**2. List the prime factors of j(-3).
2, 3, 7, 13
Let u(l) = -6*l + 15. Let m be u(10). Let j = m - -47. What are the prime factors of ((-316)/8)/((-1)/j)?
79
Suppose -49*c + 66538 = -43*c - 24386. What are the prime factors of c?
2, 7577
Let b be ((-10)/3)/((-8)/12). Suppose -35*y - 8*y = 0. Suppose -5*r + 5 = 0, b*c = r - y*r + 189. List the prime factors of c.
2, 19
Let b(t) = -4*t + 13. Let u be b(6). Let y be -2 + -2 + (-6 - u) + 2. Suppose 2*f - 76 = -q, -q - 2*f + 73 = y*f. List the prime factors of q.
2, 3, 13
Let q = 639 - 1264. Let d = q - -928. List the prime factors of d.
3, 101
Suppose -726*x + 360*x + 147021 = -359*x. What are the prime factors of x?
3, 7001
Let y = -234 + 391. Let s be ((-144)/(-4))/((-2)/4). Let z = y + s. What are the prime factors of z?
5, 17
Let y = 24 + -12. Suppose 8*b - y - 12 = 0. Suppose 88 = b*d - 89. What are the prime factors of d?
59
Suppose 0 = -2*c + 3*u + 10, 6*c - 2*u - 20 = 3*c. Suppose 2*s - 181 = 219. Suppose -c*n = -12*n + s. What are the prime factors of n?
2, 5
Let u(p) be the second derivative of -p**4/12 + 13*p**3/2 + 41*p**2/2 - 34*p. What are the prime factors of u(13)?
379
Let d be (-6)/10 - 13/(-5). Suppose 5*p + 221 = -3*r, 3*p + 98 = p + d*r. Let q = 40 - p. What are the prime factors of q?
2, 43
Suppose -n - 3*o = -27, 3*n + o = -o + 102. Let b = n - 36. Suppose b*u = -2*u + l + 273, -2 = -2*l. What are the prime factors of u?
137
Suppose 0 = -2*n - 5*n. Suppose 7*s - 13*s - 10356 = n. List the prime factors of s/(-12) - 5/(-30).
2, 3
Let m = 162 + -163. Let p(o) = 383*o**2 - 4*o - 4. What are the prime factors of p(m)?
383
Suppose 0 = 45*x + 178*x - 767688 - 1993275. What are the prime factors of x?
3, 4127
Le